{"id":33537,"date":"2023-01-30T16:05:30","date_gmt":"2023-01-30T15:05:30","guid":{"rendered":"https:\/\/abena-professional.nl\/healthcare\/?post_type=product&#038;p=33537"},"modified":"2023-01-30T16:42:56","modified_gmt":"2023-01-30T15:42:56","slug":"afvalzakken-abena-vac-vacumeermachine","status":"publish","type":"product","link":"https:\/\/abena-professional.nl\/healthcare\/product\/afvalzakken-abena-vac-vacumeermachine\/","title":{"rendered":"Afvalzakken Abena Vac vacumeermachine"},"content":{"rendered":"<p style=\"margin: 0cm; background: white;\">De vacumeerzakken zijn geschikt voor het vacumeren van incontinentiemateriaal met de Abena VAC (108231). De kwalitatief hoogwaardige zakken zorgen ervoor dat incontinentiemateriaal discreet en veilig wordt verzameld en afgevoerd.<br \/>\nOmdat grote locaties met veel cli\u00ebnten een ander volume met zich meebrengt dan kleinere locaties met minder cli\u00ebnten, hebben we ervoor gekozen om grote \u00e9n kleine vacumeerzakken in te zetten. Hiermee voorkom je onnodig gebruik van grote zakken op locaties waar dit niet nodig is.<\/p>\n<p>De afvalzakken passen in de Clappy en de Saekko Boy 60 liter.<\/p>\n","protected":false},"excerpt":{"rendered":"<p style=\"margin: 0cm; background: white;\">De vacumeerzakken zijn geschikt voor het vacumeren van incontinentiemateriaal met de Abena VAC (108231). De kwalitatief hoogwaardige zakken zorgen ervoor dat incontinentiemateriaal discreet en veilig wordt verzameld en afgevoerd.<br \/>\nOmdat grote locaties met veel cli\u00ebnten een ander volume met zich meebrengt dan kleinere locaties met minder cli\u00ebnten, hebben we ervoor gekozen om grote \u00e9n kleine vacumeerzakken in te zetten. Hiermee voorkom je onnodig gebruik van grote zakken op locaties waar dit niet nodig is.<\/p>\n<p>De afvalzakken passen in de Clappy en de Saekko Boy 60 liter.<\/p>\n","protected":false},"featured_media":33540,"template":"","meta":{"_acf_changed":false},"product_brand":[],"product_cat":[246],"product_tag":[],"class_list":{"0":"post-33537","1":"product","2":"type-product","3":"status-publish","4":"has-post-thumbnail","6":"product_cat-aanvullende-producten","8":"first","9":"instock","10":"taxable","11":"shipping-taxable","12":"product-type-variable"},"acf":[],"yoast_head":"<!-- This site is optimized with the Yoast SEO Premium plugin v27.0 (Yoast SEO v27.0) - https:\/\/yoast.com\/product\/yoast-seo-premium-wordpress\/ -->\n<title>Afvalzakken Abena Vac vacumeermachine - ABENA Zorgprofessional Portaal<\/title>\n<meta name=\"robots\" content=\"index, follow, max-snippet:-1, max-image-preview:large, max-video-preview:-1\" \/>\n<link rel=\"canonical\" href=\"https:\/\/abena-professional.nl\/healthcare\/product\/afvalzakken-abena-vac-vacumeermachine\/\" \/>\n<meta property=\"og:locale\" content=\"nl_NL\" \/>\n<meta property=\"og:type\" content=\"article\" \/>\n<meta property=\"og:title\" content=\"Afvalzakken Abena Vac vacumeermachine\" \/>\n<meta property=\"og:description\" content=\"De vacumeerzakken zijn geschikt voor het vacumeren van incontinentiemateriaal met de Abena VAC (108231). De kwalitatief hoogwaardige zakken zorgen ervoor dat incontinentiemateriaal discreet en veilig wordt verzameld en afgevoerd. Omdat grote locaties met veel cli\u00ebnten een ander volume met zich meebrengt dan kleinere locaties met minder cli\u00ebnten, hebben we ervoor gekozen om grote \u00e9n kleine vacumeerzakken in te zetten. Hiermee voorkom je onnodig gebruik van grote zakken op locaties waar dit niet nodig is. De afvalzakken passen in de Clappy en de Saekko Boy 60 liter.\" \/>\n<meta property=\"og:url\" content=\"https:\/\/abena-professional.nl\/healthcare\/product\/afvalzakken-abena-vac-vacumeermachine\/\" \/>\n<meta property=\"og:site_name\" content=\"ABENA Zorgprofessional Portaal\" \/>\n<meta property=\"article:modified_time\" content=\"2023-01-30T15:42:56+00:00\" \/>\n<meta property=\"og:image\" content=\"https:\/\/abena-professional.nl\/healthcare\/wp-content\/uploads\/sites\/16\/2023\/01\/Abena-Vac-vacumeerzakken.webp\" \/>\n\t<meta property=\"og:image:width\" content=\"1000\" \/>\n\t<meta property=\"og:image:height\" content=\"1000\" \/>\n\t<meta property=\"og:image:type\" content=\"image\/webp\" \/>\n<meta name=\"twitter:card\" content=\"summary_large_image\" \/>\n<meta name=\"twitter:label1\" content=\"Geschatte leestijd\" \/>\n\t<meta name=\"twitter:data1\" content=\"1 minuut\" \/>\n<script type=\"application\/ld+json\" class=\"yoast-schema-graph\">{\"@context\":\"https:\/\/schema.org\",\"@graph\":[{\"@type\":\"WebPage\",\"@id\":\"https:\/\/abena-professional.nl\/healthcare\/product\/afvalzakken-abena-vac-vacumeermachine\/\",\"url\":\"https:\/\/abena-professional.nl\/healthcare\/product\/afvalzakken-abena-vac-vacumeermachine\/\",\"name\":\"Afvalzakken Abena Vac vacumeermachine - ABENA Zorgprofessional Portaal\",\"isPartOf\":{\"@id\":\"https:\/\/abena-professional.nl\/healthcare\/#website\"},\"primaryImageOfPage\":{\"@id\":\"https:\/\/abena-professional.nl\/healthcare\/product\/afvalzakken-abena-vac-vacumeermachine\/#primaryimage\"},\"image\":{\"@id\":\"https:\/\/abena-professional.nl\/healthcare\/product\/afvalzakken-abena-vac-vacumeermachine\/#primaryimage\"},\"thumbnailUrl\":\"https:\/\/abena-professional.nl\/healthcare\/wp-content\/uploads\/sites\/16\/2023\/01\/Abena-Vac-vacumeerzakken.webp\",\"datePublished\":\"2023-01-30T15:05:30+00:00\",\"dateModified\":\"2023-01-30T15:42:56+00:00\",\"breadcrumb\":{\"@id\":\"https:\/\/abena-professional.nl\/healthcare\/product\/afvalzakken-abena-vac-vacumeermachine\/#breadcrumb\"},\"inLanguage\":\"nl-NL\",\"potentialAction\":[{\"@type\":\"ReadAction\",\"target\":[\"https:\/\/abena-professional.nl\/healthcare\/product\/afvalzakken-abena-vac-vacumeermachine\/\"]}]},{\"@type\":\"ImageObject\",\"inLanguage\":\"nl-NL\",\"@id\":\"https:\/\/abena-professional.nl\/healthcare\/product\/afvalzakken-abena-vac-vacumeermachine\/#primaryimage\",\"url\":\"https:\/\/abena-professional.nl\/healthcare\/wp-content\/uploads\/sites\/16\/2023\/01\/Abena-Vac-vacumeerzakken.webp\",\"contentUrl\":\"https:\/\/abena-professional.nl\/healthcare\/wp-content\/uploads\/sites\/16\/2023\/01\/Abena-Vac-vacumeerzakken.webp\",\"width\":1000,\"height\":1000,\"caption\":\"Abena Vac vacumeerzakken voor het hygi\u00ebnisch vacumeren van incontinentiemateriaal\"},{\"@type\":\"BreadcrumbList\",\"@id\":\"https:\/\/abena-professional.nl\/healthcare\/product\/afvalzakken-abena-vac-vacumeermachine\/#breadcrumb\",\"itemListElement\":[{\"@type\":\"ListItem\",\"position\":1,\"name\":\"Home\",\"item\":\"https:\/\/abena-professional.nl\/healthcare\/\"},{\"@type\":\"ListItem\",\"position\":2,\"name\":\"Producten\",\"item\":\"https:\/\/abena-professional.nl\/healthcare\/producten\/\"},{\"@type\":\"ListItem\",\"position\":3,\"name\":\"Afvalzakken Abena Vac vacumeermachine\"}]},{\"@type\":\"WebSite\",\"@id\":\"https:\/\/abena-professional.nl\/healthcare\/#website\",\"url\":\"https:\/\/abena-professional.nl\/healthcare\/\",\"name\":\"ABENA Zorgprofessional Portaal\",\"description\":\"ABENA - Zorgprofessional\",\"publisher\":{\"@id\":\"https:\/\/abena-professional.nl\/healthcare\/#organization\"},\"potentialAction\":[{\"@type\":\"SearchAction\",\"target\":{\"@type\":\"EntryPoint\",\"urlTemplate\":\"https:\/\/abena-professional.nl\/healthcare\/?s={search_term_string}\"},\"query-input\":{\"@type\":\"PropertyValueSpecification\",\"valueRequired\":true,\"valueName\":\"search_term_string\"}}],\"inLanguage\":\"nl-NL\"},{\"@type\":\"Organization\",\"@id\":\"https:\/\/abena-professional.nl\/healthcare\/#organization\",\"name\":\"ABENA Zorgprofessional Portaal\",\"url\":\"https:\/\/abena-professional.nl\/healthcare\/\",\"logo\":{\"@type\":\"ImageObject\",\"inLanguage\":\"nl-NL\",\"@id\":\"https:\/\/abena-professional.nl\/healthcare\/#\/schema\/logo\/image\/\",\"url\":\"https:\/\/abena-professional.nl\/healthcare\/wp-content\/uploads\/sites\/16\/cropped-Abena-logo-klein-200x200.png\",\"contentUrl\":\"https:\/\/abena-professional.nl\/healthcare\/wp-content\/uploads\/sites\/16\/cropped-Abena-logo-klein-200x200.png\",\"width\":200,\"height\":200,\"caption\":\"ABENA Zorgprofessional Portaal\"},\"image\":{\"@id\":\"https:\/\/abena-professional.nl\/healthcare\/#\/schema\/logo\/image\/\"}}]}<\/script>\n<!-- \/ Yoast SEO Premium plugin. -->","yoast_head_json":{"title":"Afvalzakken Abena Vac vacumeermachine - ABENA Zorgprofessional Portaal","robots":{"index":"index","follow":"follow","max-snippet":"max-snippet:-1","max-image-preview":"max-image-preview:large","max-video-preview":"max-video-preview:-1"},"canonical":"https:\/\/abena-professional.nl\/healthcare\/product\/afvalzakken-abena-vac-vacumeermachine\/","og_locale":"nl_NL","og_type":"article","og_title":"Afvalzakken Abena Vac vacumeermachine","og_description":"De vacumeerzakken zijn geschikt voor het vacumeren van incontinentiemateriaal met de Abena VAC (108231). De kwalitatief hoogwaardige zakken zorgen ervoor dat incontinentiemateriaal discreet en veilig wordt verzameld en afgevoerd. Omdat grote locaties met veel cli\u00ebnten een ander volume met zich meebrengt dan kleinere locaties met minder cli\u00ebnten, hebben we ervoor gekozen om grote \u00e9n kleine vacumeerzakken in te zetten. Hiermee voorkom je onnodig gebruik van grote zakken op locaties waar dit niet nodig is. De afvalzakken passen in de Clappy en de Saekko Boy 60 liter.","og_url":"https:\/\/abena-professional.nl\/healthcare\/product\/afvalzakken-abena-vac-vacumeermachine\/","og_site_name":"ABENA Zorgprofessional Portaal","article_modified_time":"2023-01-30T15:42:56+00:00","og_image":[{"width":1000,"height":1000,"url":"https:\/\/abena-professional.nl\/healthcare\/wp-content\/uploads\/sites\/16\/2023\/01\/Abena-Vac-vacumeerzakken.webp","type":"image\/webp"}],"twitter_card":"summary_large_image","twitter_misc":{"Geschatte leestijd":"1 minuut"},"schema":{"@context":"https:\/\/schema.org","@graph":[{"@type":"WebPage","@id":"https:\/\/abena-professional.nl\/healthcare\/product\/afvalzakken-abena-vac-vacumeermachine\/","url":"https:\/\/abena-professional.nl\/healthcare\/product\/afvalzakken-abena-vac-vacumeermachine\/","name":"Afvalzakken Abena Vac vacumeermachine - ABENA Zorgprofessional Portaal","isPartOf":{"@id":"https:\/\/abena-professional.nl\/healthcare\/#website"},"primaryImageOfPage":{"@id":"https:\/\/abena-professional.nl\/healthcare\/product\/afvalzakken-abena-vac-vacumeermachine\/#primaryimage"},"image":{"@id":"https:\/\/abena-professional.nl\/healthcare\/product\/afvalzakken-abena-vac-vacumeermachine\/#primaryimage"},"thumbnailUrl":"https:\/\/abena-professional.nl\/healthcare\/wp-content\/uploads\/sites\/16\/2023\/01\/Abena-Vac-vacumeerzakken.webp","datePublished":"2023-01-30T15:05:30+00:00","dateModified":"2023-01-30T15:42:56+00:00","breadcrumb":{"@id":"https:\/\/abena-professional.nl\/healthcare\/product\/afvalzakken-abena-vac-vacumeermachine\/#breadcrumb"},"inLanguage":"nl-NL","potentialAction":[{"@type":"ReadAction","target":["https:\/\/abena-professional.nl\/healthcare\/product\/afvalzakken-abena-vac-vacumeermachine\/"]}]},{"@type":"ImageObject","inLanguage":"nl-NL","@id":"https:\/\/abena-professional.nl\/healthcare\/product\/afvalzakken-abena-vac-vacumeermachine\/#primaryimage","url":"https:\/\/abena-professional.nl\/healthcare\/wp-content\/uploads\/sites\/16\/2023\/01\/Abena-Vac-vacumeerzakken.webp","contentUrl":"https:\/\/abena-professional.nl\/healthcare\/wp-content\/uploads\/sites\/16\/2023\/01\/Abena-Vac-vacumeerzakken.webp","width":1000,"height":1000,"caption":"Abena Vac vacumeerzakken voor het hygi\u00ebnisch vacumeren van incontinentiemateriaal"},{"@type":"BreadcrumbList","@id":"https:\/\/abena-professional.nl\/healthcare\/product\/afvalzakken-abena-vac-vacumeermachine\/#breadcrumb","itemListElement":[{"@type":"ListItem","position":1,"name":"Home","item":"https:\/\/abena-professional.nl\/healthcare\/"},{"@type":"ListItem","position":2,"name":"Producten","item":"https:\/\/abena-professional.nl\/healthcare\/producten\/"},{"@type":"ListItem","position":3,"name":"Afvalzakken Abena Vac vacumeermachine"}]},{"@type":"WebSite","@id":"https:\/\/abena-professional.nl\/healthcare\/#website","url":"https:\/\/abena-professional.nl\/healthcare\/","name":"ABENA Zorgprofessional Portaal","description":"ABENA - Zorgprofessional","publisher":{"@id":"https:\/\/abena-professional.nl\/healthcare\/#organization"},"potentialAction":[{"@type":"SearchAction","target":{"@type":"EntryPoint","urlTemplate":"https:\/\/abena-professional.nl\/healthcare\/?s={search_term_string}"},"query-input":{"@type":"PropertyValueSpecification","valueRequired":true,"valueName":"search_term_string"}}],"inLanguage":"nl-NL"},{"@type":"Organization","@id":"https:\/\/abena-professional.nl\/healthcare\/#organization","name":"ABENA Zorgprofessional Portaal","url":"https:\/\/abena-professional.nl\/healthcare\/","logo":{"@type":"ImageObject","inLanguage":"nl-NL","@id":"https:\/\/abena-professional.nl\/healthcare\/#\/schema\/logo\/image\/","url":"https:\/\/abena-professional.nl\/healthcare\/wp-content\/uploads\/sites\/16\/cropped-Abena-logo-klein-200x200.png","contentUrl":"https:\/\/abena-professional.nl\/healthcare\/wp-content\/uploads\/sites\/16\/cropped-Abena-logo-klein-200x200.png","width":200,"height":200,"caption":"ABENA Zorgprofessional Portaal"},"image":{"@id":"https:\/\/abena-professional.nl\/healthcare\/#\/schema\/logo\/image\/"}}]}},"_links":{"self":[{"href":"https:\/\/abena-professional.nl\/healthcare\/wp-json\/wp\/v2\/product\/33537","targetHints":{"allow":["GET"]}}],"collection":[{"href":"https:\/\/abena-professional.nl\/healthcare\/wp-json\/wp\/v2\/product"}],"about":[{"href":"https:\/\/abena-professional.nl\/healthcare\/wp-json\/wp\/v2\/types\/product"}],"wp:featuredmedia":[{"embeddable":true,"href":"https:\/\/abena-professional.nl\/healthcare\/wp-json\/wp\/v2\/media\/33540"}],"wp:attachment":[{"href":"https:\/\/abena-professional.nl\/healthcare\/wp-json\/wp\/v2\/media?parent=33537"}],"wp:term":[{"taxonomy":"product_brand","embeddable":true,"href":"https:\/\/abena-professional.nl\/healthcare\/wp-json\/wp\/v2\/product_brand?post=33537"},{"taxonomy":"product_cat","embeddable":true,"href":"https:\/\/abena-professional.nl\/healthcare\/wp-json\/wp\/v2\/product_cat?post=33537"},{"taxonomy":"product_tag","embeddable":true,"href":"https:\/\/abena-professional.nl\/healthcare\/wp-json\/wp\/v2\/product_tag?post=33537"}],"curies":[{"name":"wp","href":"https:\/\/api.w.org\/{rel}","templated":true}]}}